culate the highest common divisor of u and 42.
14
Let f = -511 - -783. Let r be (56/35)/(-6*25/(-3000)). Calculate the greatest common divisor of r and f.
16
Let g be ((-45)/(-18) + -5)*98. Let z = -236 - g. Calculate the greatest common divisor of 792 and z.
9
Suppose -460*q = -722975 + 298855. Calculate the highest common divisor of q and 18.
2
Let w be ((35/15)/(-7)*27)/(-5 - (-56)/16). Suppose 2*h + 4*y = y + 780, 4*h - 3*y = 1524. What is the highest common divisor of w and h?
6
Let i = -1515 - -1518. Suppose 0*s - s - 2*j = -1, 4*j = -4. Suppose s*b + 4 = -d + 32, 0 = i*b + 2*d - 29. What is the greatest common divisor of b and 54?
9
Let t(q) = -1236*q + 7473. Let a be t(6). What is the highest common divisor of a and 228?
57
Let f = 54 + -1. Suppose -67 = -2*v + f. What is the highest common factor of 24 and v?
12
Suppose -11 + 19 = d. Suppose -d + 14 = 2*a. Suppose a*s - 406 = s. What is the greatest common divisor of s and 29?
29
Let u be (-4 + 10)/(273/264 - 1). Let d = -1 - -23. Calculate the greatest common factor of d and u.
22
Let y(d) = d**2 - 2. Let g(q) = -5*q**2 + 5*q - 20. Let u(w) = -g(w) - 4*y(w). Let l be u(13). What is the highest common divisor of 24 and l?
12
Let g be (2*-1)/(-7*(-2)/1610). Let u = g + 419. Calculate the highest common factor of u and 7.
7
Suppose 0 = 85*z - 7891 - 3839. What is the highest common divisor of z and 1449?
69
Let p be ((-19)/(1292/51))/((3/164)/(-3)). Calculate the greatest common factor of 30 and p.
3
Let u be (2 + 33620/(-25))/(6 + (-93)/15). What is the greatest common factor of u and 9?
9
Let l(g) = -142*g + 1. Let b be l(-1). Let n be 1/(192 + -196 - (90/(-22) - 0)). Calculate the greatest common divisor of b and n.
11
Suppose i - 2*i + 11 = 0. Let y = -95063 - -95096. Calculate the highest common divisor of i and y.
11
Suppose 3*f + l + 104 + 588 = 0, 4*l = -20. Let b = 427 + f. Suppose -2*x + h + 46 = 0, h - 62 = -4*x + 24. Calculate the highest common divisor of x and b.
22
Let u = 912 - 624. Suppose 1016*k - 1627*k + 79649 + 52327 = 0. Calculate the greatest common divisor of k and u.
72
Let y = -2 - -4. Let n = 54 - 52. Suppose -n*z + 20 + 2 = 5*m, 2*m + 4 = 0. What is the greatest common divisor of z and y?
2
Let h = 44 - 40. Suppose 0 = -h*k + 5*z + 1060, -16 = 3*z + z. Suppose 5*d + 213 = 4*j + 851, 0 = 2*d - 4*j - k. What is the highest common divisor of 84 and d?
42
Suppose -5*c = 844 - 2149. Suppose 0 = -n + 5*f + 9, -5*n + 137 = 57*f - 59*f. Calculate the highest common divisor of n and c.
29
Let q = 741 + -499. Let n(b) = 2*b + 12. Let t be 5*2/(2/1). Let y be n(t). What is the greatest common divisor of q and y?
22
Let g(h) be the second derivative of 37*h**4/12 + h**3/3 + 3*h**2/2 + 33*h + 1. Let p be g(-3). Let r = -54 - -84. What is the highest common factor of p and r?
30
Let x(g) = g - 4. Let b be x(6). Suppose -5*j - 5*i = -20, 3*i - 4*i - 11 = -b*j. Let h = 11676 + -11661. Calculate the greatest common factor of h and j.
5
Suppose 228 = 5*n - 3*n + 4*q, -4*q = 5*n - 552. Suppose 4*y - 379 = -0*t + t, 5*y = -2*t + 490. Calculate the highest common divisor of y and n.
12
Suppose 337 = 80*q - 1263. Calculate the greatest common factor of q and 45.
5
Let f = 34 - 17. Let s = 895 - 628. Suppose 3*u - s = 3*l, 3*u - l + 81 = 4*u. What is the highest common factor of f and u?
17
Suppose j = 4*o + 1788, 11*o + 7062 = 4*j + 13*o. Calculate the highest common divisor of j and 24.
8
Suppose 1546 = 2*z + 5*m - 192, -3*z + 2594 = m. Calculate the highest common divisor of 160 and z.
32
Let x(g) = 182*g + 9294. Let c be x(-51). Calculate the highest common divisor of 142 and c.
2
Let v = 208 - 126. Let w be -1148*29/(2233/(-44)). Calculate the greatest common divisor of w and v.
82
Let o(b) = -42*b + 1083. Let f be o(25). Suppose 0 = -3*k + 4*p + p + 751, 0 = 5*k + p - 1205. Calculate the highest common factor of f and k.
11
Let u(d) = 20*d + 26. Let p(v) = -17*v - 25. Let i(j) = -6*p(j) - 5*u(j). Let n be i(19). What is the greatest common divisor of 2 and n?
2
Let x(v) = 28*v**3 - 3*v**2 - 6*v - 7. Let w be x(-3). Let u = 925 + w. Calculate the greatest common divisor of 9 and u.
9
Let k be 134*(9/14 - 1/7). Suppose 0 = -15*f + k + 23. Suppose -12 + 84 = f*t. What is the greatest common factor of t and 18?
6
Let j(z) = -6*z**2 - 38*z + 47. Let n be j(-7). Calculate the highest common divisor of n and 2109.
19
Let t be (-1)/(-4) - (-75)/4. Let b(g) = 72*g + 12. Let a be b(2). Let f be -1 + a - 3/1. Calculate the greatest common divisor of t and f.
19
Suppose -32*u + 2070 = -23*u. Suppose 0 = -4*g + 2*c - 4*c + 178, -c = 5*g - u. What is the greatest common divisor of g and 1081?
47
Let f(b) = b**2 + 16*b - 297. Let m be f(0). Let h = m - -375. Suppose -3*y = -22 - 17. What is the greatest common factor of h and y?
13
Suppose -t + 275 = 5*i + 4*t, -5*i - 2*t + 272 = 0. Let g = -2235 - -3099. What is the highest common divisor of i and g?
54
Let h be 393/4 - (-9)/12. Let v(f) = -f**3 - 2 + 0 - 1 + 4*f - 2*f**2 - 5*f. Let s be v(-3). What is the highest common divisor of h and s?
9
Suppose -3*g = 32 - 8. Let l be -1 + 0 - g - 1. Let t be (-6 - -3)/((-87)/58). Calculate the highest common factor of l and t.
2
Let z = -10320 - -10337. Let q be 4/(-10) - (-688)/20. Calculate the highest common factor of q and z.
17
Let m(c) = -7*c**3 - 4*c**2 + 4*c + 12. Let z be m(-4). Let j be z/18 - ((-781)/99 - -8). What is the highest common factor of 175 and j?
7
Let d be (1 - -11)*8/4. Let b be (-45)/3*(-56)/5. Suppose 0 = 8*k - k - b. Calculate the highest common factor of d and k.
24
Let n be ((-65)/26)/((-2)/24). Let p = -26 + n. Let o = p - -66. Calculate the highest common factor of o and 10.
10
Let g(i) = 1601*i**3 + 9*i**2 - 24*i + 14. Let o be g(1). Calculate the highest common factor of o and 512.
64
Suppose 14*g = -18*g + 4*g + 18200. Calculate the greatest common divisor of g and 455.
65
Let f be (8/(-6))/(300/(-96075)). What is the highest common factor of f and 175?
7
Suppose -6*n + 9*n - 38*n + 309155 = 0. Calculate the highest common factor of n and 219.
73
Let y be (-840)/(-126)*(30/(-45) + 19/15). Let u(d) = 14*d + 3. Let k be u(-5). Let z = k + 95. What is the highest common factor of z and y?
4
Suppose 4*r - 5*h = 660, -2*r + 340 = -287*h + 282*h. What is the highest common factor of 720 and r?
80
Suppose -4*x + 5*l + 190 = 0, -268*l + 166 = 4*x - 269*l. What is the highest common divisor of 2680 and x?
40
Suppose -8*x - 5106 = -5546. Suppose -3*s + 7 = -4*b, 2*s = -b - 3*s + 4. Let z be -2 - (1 - b - 9). Calculate the greatest common factor of x and z.
5
Let i be (-798)/(-12) + 5/(-2). Let l = i - 64. Suppose 9*v - 2*v - 392 = l. What is the highest common divisor of v and 84?
28
Suppose 0 = -60*w + 49*w + 6391. Let v = w + -257. Calculate the highest common factor of v and 12.
12
Let k be 5*((-33)/(-15) + 3). Suppose -247 + 4087 = 6*b. Suppose -k*a + b = -22*a. What is the highest common divisor of 20 and a?
20
Let v(m) = 2*m**2 - 6*m - 6. Suppose 4*i - 364 = -3*i. Let l = i + -46. Let j be v(l). What is the highest common divisor of j and 330?
30
Let g(d) = -4*d**2 + 52*d - 12. Let o be g(9). Suppose -60 - 160 = -5*b. What is the greatest common factor of b and o?
44
Let g = 39 + -34. Suppose -5*c = -c - g*a - 27, 2*c = -2*a. Suppose 0 = c*n - 195 - 831. Calculate the highest common divisor of n and 38.
38
Let s be (3 + 5)/((-6)/105). Let q = s + 142. Suppose 0 = 2*b + 2*f - 14, f = -4*b - q*f + 27. What is the greatest common divisor of 66 and b?
6
Suppose 34*z - 287 = 359. Calculate the highest common factor of z and 2432.
19
Let g be -3 - -863 - (-84)/7. What is the highest common factor of 1199 and g?
109
Let u(v) = 9*v - 11. Let f be u(5). Let w = -34 + f. Suppose 0*i + 3*i - 45 = w. Calculate the highest common divisor of i and 20.
5
Let u = -25 + 23. Let v be 7 + (-4)/(u + 3). Suppose -v*p - 2*p + 370 = 5*t, -3*t + 299 = 4*p. What is the highest common factor of p and 11?
11
Let s(a) = -22*a**3 - 200*a**2 - 15*a + 53. Let c be s(-9). Calculate the highest common factor of c and 5733.
13
Suppose -43*l + 38*l = 4*u - 659, -5*u - l + 787 = 0. Let p = 126 - 90. Calculate the highest common factor of u and p.
12
Suppose -5739*c = -5721*c - 61290. What is the high